 j?
2, 5, 7
Let x(h) = -16 + 1 - 127*h + 9*h**2 - 13*h**2. What are the prime factors of x(-31)?
2, 3, 13
Let c(a) = -a**3 + 2*a**2 + a + 175. Let b be c(0). Let f = 82 + b. List the prime factors of f.
257
Let s be ((-1)/(-2))/((-1)/(-34)). Suppose 2*k - t = -4*t - s, -5*t = -k - 2. What are the prime factors of (-520)/k - 16/56?
2, 37
Let s = -3576 + 29685. List the prime factors of s.
3, 967
Let f = -172 + 96. Let l be (-2)/(-5) - f/10. Suppose 0 = -11*x + l*x + 120. What are the prime factors of x?
2, 5
Suppose 942331 = 30*a - 298961 - 548058. What are the prime factors of a?
5, 79, 151
Let b = 121 - 122. What are the prime factors of 303/b*-1*(-9)/(-27)?
101
Let m(t) = 28*t - 9. Let n be m(-3). Let v = -70 - n. Let l = v - -68. What are the prime factors of l?
7, 13
Suppose 3*w - 2*u = 54228, -5*w + 90396 = 6*u - 4*u. List the prime factors of w.
2, 3, 23, 131
Let w = -395 - 35. Let c = -74 - w. What are the prime factors of c?
2, 89
Let y(h) = -24*h - 61. Let q(v) = v**2 - 13*v + 29. Let g be q(9). List the prime factors of y(g).
107
Suppose -49*b = -632046 - 14754. What are the prime factors of b?
2, 3, 5, 11
Suppose 363 = 2*s - 0*j + 5*j, -j = 5*s - 942. Suppose 2*h - 3*h + 5 = 0. Suppose h*k - 579 = -s. List the prime factors of k.
2, 3, 13
Let p(y) = -33*y + 3. Suppose -f + 4*t = -8 - 16, -4*f = -5*t - 41. Suppose 27 = -f*n + 15. List the prime factors of p(n).
2, 3, 17
Suppose -2*m + 797 = -14*t + 15*t, 3*m - 2409 = -3*t. List the prime factors of t.
809
Let o = 442 + -437. Suppose -5*n = 3*x + x - 114, -3*x + 97 = -2*n. Suppose -o*s + x = 11. What are the prime factors of s?
2
Let k(g) = 300*g + 1468. List the prime factors of k(23).
2, 523
Let b(p) = -2*p - 10. Let i = 74 - 81. Let c be b(i). List the prime factors of 149 + (c - (3 - -3)).
3, 7
Let x(k) = -15*k**2 + 15*k**2 + 6*k**2 - 11*k - 22. What are the prime factors of x(10)?
2, 3, 13
Let t be 6/27 - (-116)/(-36). Let v(l) = 153*l + 3. Let o be v(t). Let k = -307 - o. List the prime factors of k.
149
Let m(n) = 5124*n**2 + 4*n - 5. What are the prime factors of m(1)?
47, 109
Suppose -15*d + 10*d + 5*l + 276745 = 0, -d - 2*l = -55346. What are the prime factors of d?
2, 101, 137
Suppose -4*m + 29840 = -5*o, 2*o = -2*m - 3556 - 8380. List the prime factors of (o/12)/(-4) - (-4)/6.
5
Let z be 395/(-15)*(3 - 18). Suppose -4*u + 18 = 2, z = 3*x + 5*u. Let a = x + -68. What are the prime factors of a?
3, 19
Suppose -2*l = l - 2*c - 126, -5*l + 229 = 3*c. Let r = -25 + l. Suppose -r = 2*t - 55. What are the prime factors of t?
2, 3
Suppose -14*s - 16 = -4902. Let f = s - 287. What are the prime factors of f?
2, 31
Let c(k) = 39*k**2 + 22*k + 39. What are the prime factors of c(-8)?
7, 337
Let o(z) = -5*z - 15. Let v be o(-3). Suppose 2*t = -v*t + 146. Suppose -5*n + u = -452, t = 2*n + 4*u - 99. What are the prime factors of n?
2, 3, 5
Let m = -21 - -142. Let w(g) = -11 + 9 + 8 - m*g. What are the prime factors of w(-2)?
2, 31
Suppose 0 = 5*j - 35 + 10. Suppose -53 = -j*y + 7. What are the prime factors of (18/y)/((-2)/(-92))?
3, 23
Let r(k) be the third derivative of -5*k**5/12 + k**4/6 + k**3/3 - 31*k**2. Let p be r(2). Let q = p + 163. What are the prime factors of q?
73
Suppose -18*z + 29211 + 220143 = 0. What are the prime factors of z?
7, 1979
Let r(d) = 55*d - 3485. Let z be r(75). Suppose l + 3*j - 1 = 1, -j - 11 = -2*l. Suppose l*i - z = i. What are the prime factors of i?
2, 5
Let f(k) = -4*k + 3. Suppose 2*v - 132 = 5*p, 0 = -5*v + p - 5*p + 330. Suppose -v = -45*b + 48*b. List the prime factors of f(b).
7, 13
Let j(s) = -893*s + 22366. List the prime factors of j(0).
2, 53, 211
Suppose 505706 - 153269 = 63*s - 284115. What are the prime factors of s?
2, 3, 421
Let z(d) = 3*d**2 - 3*d - 2. Let l be z(-2). Let r(p) be the second derivative of 2*p**3/3 + 5*p**2 + 146*p. List the prime factors of r(l).
2, 37
Let i(w) = 76*w**2 + 547*w - 4. What are the prime factors of i(-20)?
2, 19
Let x be 3 - (-12)/(-4)*29. Let l be (-2)/5 - x/35 - 28. Let j = l - -79. List the prime factors of j.
53
Let y(t) = -103*t + 711. What are the prime factors of y(-69)?
2, 3, 1303
Let i = -22177 - -26294. What are the prime factors of i?
23, 179
Suppose 12*u - 36*u + 5*u + 897902 = 0. What are the prime factors of u?
2, 23629
Suppose p = -6*p + 35. Suppose p*o = 10*o - 10. Let a(x) = 10*x**2 + 3*x - 12. What are the prime factors of a(o)?
2, 17
Let c(y) = -4*y - 4*y + 2201 - 2206 + 5*y**2 + 3*y. What are the prime factors of c(-6)?
5, 41
Let d(f) = f**2 - 8*f - 11. Let k be d(10). Suppose k*y - 4*y = 2320. Suppose 0*b + 2*h = -4*b + y, 4*b - 460 = -3*h. List the prime factors of b.
2, 59
Let g(h) = -h**3 + 7*h**2 - 5*h + 37. Let c be g(7). Suppose 0 = -c*i + 63 + 631. List the prime factors of i.
347
Let h(f) = -f**3 + 21*f**2 + 14*f + 45. Suppose 0 = 5*w - 9*d + 7*d - 101, -w + 5*d = -11. What are the prime factors of h(w)?
3, 113
Let v(b) = -b**3 + 5*b**2 + 6*b + 2. Let p be v(6). Let w(j) = -23 + j**3 - 17 + 36 - 2*j**2 - 21*j - 12*j**p. List the prime factors of w(16).
2, 43
Let n(q) = 6*q**2 + 6*q + 1. Let u be n(4). Suppose u = -x + 14. Let c = -57 - x. What are the prime factors of c?
2, 5
Let u(t) be the second derivative of 43*t**5/20 - t**4/6 + 8*t**2 - 17*t + 2. What are the prime factors of u(3)?
19, 61
Let n = -189 + 191. What are the prime factors of (n/6)/(32/9504)?
3, 11
Suppose -7*m = -6*m - 5*w + 34, -4*m - 5*w = 161. List the prime factors of (m/(-9) - 4)/(3/270).
2, 3, 5
Suppose 2*o + 5*z - 39 = 0, 50 = 3*o - 5*z + 4*z. Suppose 2*f = -o + 3. Let m(b) = b**2 + 2*b + 6. What are the prime factors of m(f)?
41
Suppose 18*c = 15*c - 3. Let w be ((-271)/2)/(c/2). Suppose -71 = 4*i - w. What are the prime factors of i?
2, 5
Let b be 331/(-6 + (-75)/(-12)). Suppose -b - 1376 = -9*l. List the prime factors of l.
2, 3, 5
Let p = -13991 + 19703. Suppose -7*a = 9*a - p. List the prime factors of a.
3, 7, 17
Let u(i) = 13*i**3 - 2*i**2 + 2*i - 3. Let g be u(2). Suppose -3*k = -419 - g. What are the prime factors of k?
2, 43
Let d be (9 - 7) + -4 + 2. Suppose -4*i + 885 = 2*h - 6259, 5*i + 4*h - 8936 = d. What are the prime factors of i?
2, 223
Suppose m - 4*q = 20891, m - 2*q = 9026 + 11877. List the prime factors of m.
5, 47, 89
What are the prime factors of (-5344 - -25)*(-1)/3?
3, 197
List the prime factors of 9516560/1504 - (6/4 + -1).
3, 19, 37
What are the prime factors of (92 - 85 - 22/8)*316?
17, 79
Let t(a) = a**3 - 4*a**2 - 5*a. Let m be t(5). Let s be (-1 - (-36)/8)*(-4)/(-7). Suppose m = d + p - 165, -5*d - s*p = 2*p - 827. List the prime factors of d.
167
Let j(w) = -w**3 + 64*w**2 + 1208*w + 195. What are the prime factors of j(62)?
3, 41, 673
Suppose -q + 421 - 14 = 0. Let h = -56 + q. Suppose h = 40*k - 37*k. What are the prime factors of k?
3, 13
Let f(i) be the third derivative of -3*i**4/4 + 2*i**3 + 15*i**2. Let n be f(4). Let g = 133 + n. What are the prime factors of g?
73
Let u be 4882*((-14)/4 - -4). Suppose 4039 = 5*o - f, 7*f + u = 3*o + 2*f. What are the prime factors of o?
3, 269
Let c(b) = b**2 - 14*b + 49. Let g be c(7). Suppose -11*r + 7*r - 3*t + 696 = 0, g = 5*r - 2*t - 870. What are the prime factors of r?
2, 3, 29
List the prime factors of 14/133 - 1716928/(-608).
2, 353
Let a(b) be the first derivative of 3/2*b**2 + 3*b + 34 + b**3. What are the prime factors of a(3)?
3, 13
Let z(i) = i**3 + i**2 + i - 85. Let v(n) = -28. Let k(s) = -8*v(s) + 3*z(s). What are the prime factors of k(5)?
2, 7, 31
What are the prime factors of ((-182)/35)/((-4)/5998) + 30/(-75)?
3, 23, 113
Suppose 0 = -5*t + c + 1093, 5*t - 1103 = -6*c + 2*c. Suppose t*f = 215*f + 876. What are the prime factors of f?
3, 73
Let y(x) = -269 + 91 + 84 + 45*x**2 + 85 - 4*x. List the prime factors of y(-4).
727
Suppose 236*c - 5389668 = 2344288. What are the prime factors of c?
32771
Let w(n) = 126*n**2 - 60*n - 481. What are the prime factors of w(-7)?
6113
Suppose 11*r - 17*r = -72. What are the prime factors of 1629/r - 2 - (-108)/(-144)?
7, 19
Let z(y) = 35*y**3 - y**2 + y + 6. Let k be (-18)/45*(-3 + -2). What are the prime factors of z(k)?
2, 71
Let c(r) = -2*r**2 - 2*r. Let p(s) = -5*s**2 - 7*s + 1. Let z(v) = 8*c(v) - 3*p(v). Let w be z(6). What are the prime factors of 6/w + (-53